by g?
6
Let d be 6/(-21) - (-92)/28. Suppose 0 = d*b - b - 92. What is the remainder when b is divided by 12?
10
Let y = 54 + 4. What is the remainder when y is divided by 15?
13
Suppose 16 = 3*a + a. Suppose 5*o - a*w + 1 = 18, -5*w - 5 = -3*o. Calculate the remainder when 14 is divided by o.
4
Let g = -78 + 151. Suppose -15 = b - g. What is the remainder when b is divided by 30?
28
Suppose 3*p - 15 = 18. Let a = p + 7. What is the remainder when 35 is divided by a?
17
Suppose 0 = -2*u - 4*t + 48, -9*t + 96 = 4*u - 7*t. Calculate the remainder when u is divided by (13/2)/(1/2).
11
Suppose m + m - 4*q - 10 = 0, 0 = -4*m + 5*q + 17. Calculate the remainder when 11 is divided by m.
2
Let l(v) = -v**3 - 7*v**2 - 6*v + 4. Let n be (18/5)/(2/5). Suppose 9 = -3*p - n. Calculate the remainder when l(p) is divided by 3.
1
Let s(k) = 2*k**2 + 5*k - 3. Suppose -5*b + 3*c - 3 = 29, 0 = -b + 3*c - 16. What is the remainder when 15 is divided by s(b)?
6
Suppose -2*b - 3*d + 33 = 0, -2*b + 39 = -0*b - 3*d. Suppose x = -x + b. Suppose -9 - 69 = -3*v. Calculate the remainder when v is divided by x.
8
Suppose 3*h - o - 7 = 0, h - 6 = -3*h + 2*o. What is the remainder when 31 is divided by h?
3
Suppose 5 = x, 2*f = -3*f - 5*x + 55. Calculate the remainder when 39 is divided by f.
3
Let w be (10/15)/(2/48). Suppose -y - w = -3*y. Calculate the remainder when 13 is divided by y.
5
Let v(g) = g**2 + 5. Let u be v(0). Suppose -2*n = u*l - 23, -50 = -5*n - 2*l + 39. Calculate the remainder when 35 is divided by n.
16
Let h(o) = -o**3 - 7*o**2 + 8*o + 3. Calculate the remainder when 3 is divided by h(-8).
0
Let f(d) = d**2 + 4*d + 4. Let l be f(-2). Suppose 0 = -2*i - l*i + 62. What is the remainder when i is divided by 8?
7
Let o = 28 + -20. Calculate the remainder when (84/(-15))/((-2)/5) is divided by o.
6
Let c = -4 + 8. Let b = 36 - 30. Calculate the remainder when b is divided by c.
2
Suppose 0 = 3*r - i + 19 - 51, -3*i = 3*r - 12. Let z = 75 - 40. What is the remainder when z is divided by r?
8
Let g = -9 - -22. Let s be 2 + (3 - 4) - -373. Calculate the remainder when 3/5 + s/10 is divided by g.
12
Let c = -7 + 2. Let d(l) be the first derivative of -3*l**2/2 - 2*l - 9. Calculate the remainder when 24 is divided by d(c).
11
Let k(s) = s**3 - 10*s**2 + 4*s - 14. What is the remainder when 76 is divided by k(10)?
24
Let b be (-520)/(-7) - (-8)/(-28). Let x = 113 - b. What is the remainder when x is divided by 10?
9
Suppose 12 = i - 0*i. Let q = i + -6. Calculate the remainder when q is divided by 4.
2
Let s be (2/(-4) + 0)*-156. Calculate the remainder when 27 is divided by 2/8 + s/8.
7
Let q = -9 - -13. Suppose q*w - 53 = 51. What is the remainder when w is divided by 11 + 9/((-6)/(-2))?
12
Let s(w) = w**2 + 4*w + 7. Let l be s(-6). Suppose l + 15 = 2*b. Calculate the remainder when b is divided by 6.
5
Suppose 3*t - b - b = -6, 0 = -5*b + 15. Suppose 3*q - 5*c - 5 = t, -c - 28 = -4*q - 5*c. Calculate the remainder when 7 is divided by q.
2
Suppose -2*m - 3*l + 61 = 2*m, -2*m + 31 = l. Let g = 252 + -76. Suppose 15 = 5*b, 0 = -4*f + 4*b + g. What is the remainder when f is divided by m?
15
What is the remainder when 86 is divided by (-5)/(-5 + 28/6)?
11
Suppose -2*c = 2*c - 24. Calculate the remainder when 16 is divided by c.
4
Suppose -2*u + 154 = p + 3*p, -2*p - 2*u + 72 = 0. What is the remainder when p is divided by 12?
5
Let f(y) = 2*y + 62. What is the remainder when 59 is divided by f(-23)?
11
Suppose -3*y - 2*y + 55 = 0. Let u(c) = c - 2. Let z be u(2). What is the remainder when 32 - z/(-2) - 1 is divided by y?
9
Let n = -57 - -22. Let u = -25 - n. What is the remainder when 17 is divided by u?
7
Let j = 8 + -9. Let k(b) = -b - 1. Let q be k(j). Suppose 26 = -q*o + 2*o. Calculate the remainder when 36 is divided by o.
10
Suppose 3*v - 1 = -25. Let f be (v/6)/((-2)/90). Suppose 5*r - 5*o = f, 3*r = -0*o - 4*o + 15. What is the remainder when 25 is divided by r?
7
Let y = -16 - -37. Calculate the remainder when 81 is divided by y.
18
Let u be (-1 + -2)*(5 - 1). Let m = u - 59. Let w = m - -105. What is the remainder when w is divided by 12?
10
Suppose 4*f = -5*f + 180. Calculate the remainder when 76 is divided by f.
16
Let o = 5 + -3. Suppose 9 = -3*g + 5*z, 22 = 7*g - o*g + 4*z. Suppose w - 4*w + 4*l = -59, g*w + 4*l = 6. What is the remainder when w is divided by 4?
1
Suppose -3*a = z + 3*z - 189, -3 = z. Suppose -2*s = -7*s. Calculate the remainder when a is divided by (-33 + 10)*(-1 + s).
21
Let b be ((-2)/(-2) - -9) + 2. What is the remainder when 47 is divided by ((-6)/(-5))/(b/160)?
15
Calculate the remainder when 12 is divided by (9/6)/(2/4).
0
Suppose 2*m + 82 - 12 = 4*q, 0 = -q + 2*m + 16. Let c = q + -16. Suppose 2*h + o - 11 = 0, -4*o + 15 = 3*h - 14. What is the remainder when h is divided by c?
1
Suppose 9*b - 48 = 6*b. Calculate the remainder when 45 is divided by b.
13
Suppose -4*o - 96 = -4*c - 0*o, -4*o + 39 = c. Calculate the remainder when 51 is divided by c.
24
Suppose -s - 10 = -3*s + 2*d, -d = 1. Let y = s + 19. Calculate the remainder when y is divided by 12.
11
Suppose 2*y = -4*p - y + 103, 2*y + 78 = 4*p. Calculate the remainder when p is divided by 148/18 + 6/(-27).
6
Let p = 4 - 6. Let f be (7 + p)/(2/10). Let d = f + -13. What is the remainder when 22 is divided by d?
10
Let o = 5 + -5. Let w(y) = -y + 12. Calculate the remainder when 34 is divided by w(o).
10
Let f = 898 + -278. Calculate the remainder when f/16 - 6/8 is divided by 13.
12
Suppose 0 = h + 4*h - 10. Calculate the remainder when 2/(-8) + (-21)/(-4) is divided by h.
1
Let s(x) = -x**3 + 8*x**2 + 4*x. What is the remainder when s(8) is divided by 13?
6
Let d be 7/(-28) - 3/4. Let l = d - -4. Suppose -2*j - l*n = 6, -3*j = j - n - 16. Calculate the remainder when 3 is divided by j.
0
Suppose t = -t + 2. Suppose v = t + 9. What is the remainder when v is divided by 3?
1
Suppose -k - 4 = -2*k. Let c be 5*((-8)/(-10))/4. Calculate the remainder when k is divided by (3 + c)/((-2)/(-1)).
0
Suppose 0*y = 4*y - 72. Let x(u) = -u. Let n(m) = 14*m - 2. Let q(l) = 2*n(l) + 36*x(l). Calculate the remainder when q(-7) is divided by y.
16
Let r = 7 - -21. Suppose 4*o = 16 + 24. What is the remainder when r is divided by o?
8
Let w(i) = -i**2 - 19*i - 21. Calculate the remainder when 36 is divided by w(-17).
10
Suppose -36 = 3*t - 6*t. Suppose -4*f + 53 + 87 = 0. Calculate the remainder when f is divided by t.
11
Suppose 66 = 4*a - 14. Let v = a - 12. Calculate the remainder when v is divided by 5.
3
Suppose -8*i + 52 = -228. Calculate the remainder when 60 is divided by i.
25
Suppose -8*m = -10*m + 32. What is the remainder when m is divided by 9?
7
Let d(f) = f + 5. Let u be d(12). Suppose -2 = 5*b - u. What is the remainder when b is divided by 1?
0
Suppose 6*d + 6 = 3*d. Let y(p) = -2*p**3 - 3*p**2 - p. Let m = 45 - 23. What is the remainder when m is divided by y(d)?
4
Let j = -54 + 79. Calculate the remainder when 72 is divided by j.
22
Suppose 5*a = -10, 6*j - j - 59 = -3*a. Suppose -3*b = q - 19, q + b = 3*b - 1. Suppose -s = -31 + q. What is the remainder when s is divided by j?
11
Suppose 2*z - 66 = z. Suppose -f = j - 21, 5*f - z = 2*j + 32. What is the remainder when f is divided by 7?
6
Let s be 3/(-7) - (-44)/(-28). What is the remainder when s/(-9) - (-3296)/72 is divided by 16?
14
Suppose 0 = -i + 46 + 16. Calculate the remainder when i is divided by 17.
11
Suppose 3*r - 32 = 2*v + 47, 2*r + v = 48. Calculate the remainder when r is divided by 7.
4
Let l(s) = 2*s**2 + 9*s + 1. Let q = 0 - -4. Suppose -2 = h + q. Calculate the remainder when l(h) is divided by 10.
9
Let f(z) = z**3 + z**2 - z + 2. Let i be f(2). Let n = i + 41. What is the remainder when n is divided by 18?
17
Suppose 0 = -m + 6 + 2. Let s be m/5 - 4/(-10). Suppose 6 + s = x. What is the remainder when x is divided by 3?
2
Let a(r) = -r**2 + 21*r + 11. Calculate the remainder when 294 is divided by a(21).
8
Let s(n) = -n**3 - 7*n**2 - 3*n - 6. Calculate the remainder when s(-7) is divided by 8.
7
Let z be ((-24)/3)/4 - -50. Suppose -4*m - 5*v + z = 0, 0 = 3*m - 8*m + 2*v + 60. What is the remainder when 34 is divided by m?
10
Let n = -19 + 34. Calculate the remainder when (5/n)/((-2)/(-66)